 Suppose 3*y = w - 7, 18*y - 17*y = w - 3. Give s(w).
-3
Let f be (-18)/30 - 2/((-20)/(-314)). Let m = f - -34. Let x(o) = 5*o**2 - 3*o + 3. What is x(m)?
17
Let w = 285 + -288. Let d(v) = 2*v**2 - 3. Determine d(w).
15
Suppose 0 = -2*s + 2*x - 3*x, -4*s + 5*x = -28. Suppose -g = 4*k - 8*k + 9, 4*k = -s*g + 18. Let w(n) = -n**2 + 0*n + 3 + 0 - g*n. Give w(2).
-7
Let d(r) be the third derivative of -r**4/24 + 2*r**2 - 2322*r. Let i = 23 + -13. Let l = -5 + i. Give d(l).
-5
Let m = 1368 - 1367. Let b(g) = -10*g**3 - g**2 + 3*g - 2. Give b(m).
-10
Let w be 6 + 8/(-2) - (-1 - -8). Let d(f) = f**2 + 2*f - 11. Let j be d(w). Let m(r) = r**3 - 3*r**2 - 7*r + 6. Determine m(j).
-6
Let c(h) = -5*h**2 - 8*h + 3. Let k(d) = -16*d**2 - 22*d - 1. Let o(b) = 5*b**2 + 7*b. Let q(z) = 2*k(z) + 7*o(z). Let j(y) = 5*c(y) + 8*q(y). Determine j(0).
-1
Let y(g) = -3*g**3 - 2*g**2 + 6*g - 6. Let b(u) = -7*u**3 - 2*u**2 + 12*u - 12. Let c(s) = 2*b(s) - 5*y(s). Calculate c(-7).
-1
Let f(l) = -l**2 - 13*l + 11. Let t be (24/(-7))/(3*(-22)/(-231)). Give f(t).
23
Let b(w) = w - 2. Let s(n) = -n + 17. Suppose -88*v - 30 = -90*v. Let a be s(v). What is b(a)?
0
Let t(j) = 120*j**2 + 124*j**2 - 243*j**2 - 7*j. Suppose 5*h = -3*r + 4*r - 3, r + 5*h - 13 = 0. Determine t(r).
8
Let w = 15 + -11. Let r(a) be the first derivative of a**5/20 - a**4/4 - 5*a**2/2 - 3*a + 3. Let p(v) be the first derivative of r(v). What is p(w)?
11
Let i(b) = -2*b**2 + 3*b + 14. Let d(w) = w**2 - 5*w - 12. Let j(l) = 3*d(l) + 2*i(l). Let t be 5/((-10)/8) - 2. Determine j(t).
10
Let l(k) be the third derivative of k**5/60 - k**4/3 - 5*k**3/2 + 254*k**2. Calculate l(10).
5
Suppose 0 = 3*p - 2*p - 6. Suppose p*j = 7*j - 5. Suppose j*q = -3*b - 19, -2*b + 4*b - 3*q = 0. Let f(h) = h**3 + 3*h**2 - h + 2. Calculate f(b).
5
Let r = 88 + -77. Let f(b) = -b + 12. Determine f(r).
1
Suppose 2*f - 101 = -95. Suppose -3*w - 6 + 1 = -2*p, f*w - 11 = -2*p. Let b(c) = c**2 + 1. What is b(p)?
17
Let l(k) = -4*k**3 - 12*k**2 + 11*k + 16. Let c(h) = 3*h**3 + 9*h**2 - 10*h - 16. Let w(m) = 3*c(m) + 2*l(m). Give w(-3).
8
Let q(v) be the third derivative of v**5/20 + v**4/6 + v**3/2 - 14*v**2. Suppose h - 4*z + z = 13, -5*h - 35 = 5*z. Determine q(h).
7
Suppose 4*o + o + 110 = 0. Let d = -18 - o. Let g(t) = -t**3 + 3*t**2 + 5*t - 5. What is g(d)?
-1
Let k(i) = -i**2 - 7*i - 3. Let d be k(-6). Let q(m) = -2 + 1 + m**2 - 2*m**2 - 1. Give q(d).
-11
Let w be (8/(-10))/((-7)/280). Let u = w - 25. Let i(a) = a**2 - 6*a - 8. Give i(u).
-1
Let v(j) = -j**3 - 7*j**2 - 1. Suppose 5*x + 5*o + 10 = 0, -9*x - 60 = -4*x - 5*o. What is v(x)?
-1
Let v(c) be the first derivative of -3*c + 5/2*c**2 + 3. Give v(2).
7
Let o(x) = -x + 1. Let d(r) = r**3 - 9*r**2 - 2. Let f be d(9). Let p be 6/(-1) - f - 1. Let a be o(p). Let w(c) = c**2 - 5*c - 2. Give w(a).
4
Let f(o) = -o**2 - 5*o - 7. Let r = -57 - -54. What is f(r)?
-1
Let k = 423 - 422. Let g(t) = -6*t**3 - 2*t**2 + 1. Determine g(k).
-7
Let y(s) = 3*s**3 - 2*s**2 + s - 2. Suppose -19*f = -13*f - 12. What is y(f)?
16
Suppose -2*k + 3*k = -3*m - 8, 5*k - 11 = 2*m. Let l(r) = -295*r - 7 + 296*r + k. Let o = 2 + 5. Give l(o).
1
Let i(p) = 9*p**2 + 0*p**2 - 8*p - 9 - 10*p**2. Give i(-4).
7
Let n be (1 + -2 - -1)/1. Suppose n*f = f. Suppose f*p - 6 = 3*p. Let q(g) = -g**3 - 3*g - 3. What is q(p)?
11
Let r(c) = 2*c - 13. Let p(m) = -25 + 2*m - 5*m + m + 5*m. Let d(u) = -3*p(u) + 5*r(u). What is d(-5)?
5
Let i(x) be the first derivative of x**3/3 - 5*x**2/2 + x + 1. Suppose -226*n + w = -224*n - 7, n + w = 5. Determine i(n).
-3
Let j(l) be the third derivative of l**4/12 + 11*l**3/6 - 2*l**2 - 32*l. What is j(-9)?
-7
Let k(v) = -2 + 4*v - v**2 + 5*v + 11*v + 2*v - 19*v. What is k(-4)?
-30
Let s(h) = 0*h + 3*h + 0*h - 4*h. Let b = 33 - 20. Suppose 2*r - 1 = -b. What is s(r)?
6
Let y(a) = -15*a**2 - 7*a + 5. Let v(r) be the third derivative of -2*r**5/15 - r**4/6 + r**3/2 - 2*r**2 - 3*r. Let h(b) = -7*v(b) + 4*y(b). Calculate h(1).
-5
Let a(c) be the first derivative of -3*c**2/2 - 11*c - 207. Give a(-6).
7
Suppose 8*l - 18 = 6. Let n(t) be the third derivative of -1/3*t**3 + 1/12*t**4 + 0 + 0*t - 1/60*t**5 + l*t**2. Determine n(2).
-2
Let a = 640 - 646. Let l(q) = 5*q + 24. Give l(a).
-6
Let h(l) be the second derivative of -l**4/12 + l**3 + 13*l**2/2 - 2*l - 60. Determine h(7).
6
Suppose 23 = -a - 4*w + 5, 0 = a + w + 3. Suppose 4*o - 10 + a = 0. Let i(m) = -m**2 + m + 1. Determine i(o).
-1
Let s(h) = h**2 - 5*h - 1. Suppose 16 = 3*u + 4*k, 21*u - 13 = 18*u - k. What is s(u)?
-5
Let s(p) be the third derivative of -p**4/24 - 4*p**3/3 + 6*p**2. Let w be s(-3). Let x(r) = -r**3 - 4*r**2 + 7*r. Determine x(w).
-10
Let t(i) = -10. Let x(h) = 9*h + 34. Let w(z) = 5*t(z) + x(z). Determine w(2).
2
Let o(t) = t**2 + 2*t - 4. Let q(c) be the third derivative of -4*c**2 - 2/15*c**5 + 0*c - 1/2*c**3 - 1/120*c**6 - 1/2*c**4 + 0. Let d be q(-6). What is o(d)?
-1
Suppose 2*d - 5*d = 15. Let k = 7 + d. Let a(h) = h - 2. Give a(k).
0
Let w(a) = -a**2 - 20*a - 3. Let f(c) = 3*c - 1. Let y(g) = 5*f(g) + w(g). Determine y(-2).
-2
Let w be (155/25 - 4)*(-7 - -2). Let p(s) = -s**3 - 11*s**2 + 8. What is p(w)?
8
Let g(d) = -d + 4. Let k(p) = -3*p**2 + 13*p**3 - 8*p**3 - 5*p - 4*p**3 + 10. Let z be k(4). Give g(z).
-2
Let u(v) = -3*v + 7692 - 7692. Suppose -i + 2*i + 1 = -2*m, 2*i + 2 = -3*m. What is u(i)?
3
Let s(r) = 4*r**2 - 8*r + 4. Let v(c) = -c**2 + 261. Let n be v(16). Give s(n).
64
Let o(w) = -w**2 + 8*w - 4. Let x = 2018 + -2015. Give o(x).
11
Suppose 70 = -5*k + 12*k. Let p(a) = -a**3 + 9*a**2 + 10*a + 3. Determine p(k).
3
Let n(v) be the third derivative of v**6/120 - v**5/12 - v**4/24 + v**3/2 - 2*v**2. Let l be 0 + -5 + (-15 - -15) - -10. Determine n(l).
-2
Let s(h) = h + 3. Let g = 39 + -27. Let q be 1/(1 + g/(-9)). Determine s(q).
0
Let x(r) = r**2 + 7*r - 6. Let l(g) = -g**2 - 4*g + 5. Let h(k) = 5*l(k) + 4*x(k). What is h(8)?
1
Suppose -6*t + t - 4*c = -50, 2*t - 3*c = -3. Suppose -3 = 3*h - t. Let m(v) = v**2 - 5 + 6 + 3 + h + 7*v. Determine m(-6).
-1
Let n be 6 + 1/((-2)/2). Suppose 11*z = 41 - 8. Let g(p) = 7 + 43*p**3 - 21*p**z - 23*p**3 + p + 5*p**2. Determine g(n).
12
Let g(o) be the second derivative of -o**3/6 + o**2 + 5*o + 579. Suppose 4*y + 4*i + 3 = 27, 2*y + 4*i = 16. Give g(y).
-2
Let r = -20 + 25. Suppose 0*a = r*a + 5. Let c(t) = -6*t**2 - t. Calculate c(a).
-5
Let g(d) = d**2 - 3. Let h(i) = -5*i**2 - 6*i + 23. Let o(q) = 6*g(q) + h(q). Let c be -1*1 + 11 + -3. Determine o(c).
12
Let q(z) = -2*z**2 - 10*z + z**2 + 3*z - 8. Let x(p) be the first derivative of -p**4/4 + 7*p**3 + 11*p**2 - 6*p - 4. Let s be x(22). Give q(s).
-2
Let z(j) = -1. Suppose 3*t = 3*k - 9, 3*t + 2*k - 7 = -3*k. Let v(s) = -12*s + 3. Suppose b + 6 = -b. Let q(r) = b*z(r) + t*v(r). Give q(-1).
-12
Let x(o) = 2*o - 4. Suppose 108*r - 109*r - l - 11 = 0, -3*l = -5*r - 31. Calculate x(r).
-20
Suppose 0 = -2*a + 4*a - 50. Suppose 0 = 4*w - z + a, 2*z = 3*w + 1 + 24. Let x(q) = -2*q - 4. Calculate x(w).
6
Let v be 2 + -2*(-2)/4. Let f(k) = -2*k**2 - 7*k**2 + 4*k + 3 + k**2 + 2*k**2 + k**v. Determine f(5).
-2
Let v(b) = b - 11. Let w = 6 - 12. Let n(s) = s - 10. Let o(q) = w*v(q) + 7*n(q). Give o(5).
1
Let q(n) = -3*n**2 - 3 - 2*n**3 - 2*n**2 - 2*n**3. Let k(i) = 2 - 2*i**2 + 5*i + 8*i**2 - i**2 + 3*i**3 - 6*i. Let w(c) = 5*k(c) + 4*q(c). Determine w(4).
-6
Let z(w) = 3*w**3 - w**2 + 2*w + 3. Let q = 42 + -44. Calculate z(q).
-29
Let d(q) = 2 + 6*q - q**2 - 4*q + 3*q + 0*q. Let t(c) = 2*c - 12. Let h(k) = k**3 + 6*k**2 + 5*k - 3. Let p be h(-4). Let l be t(p). Give d(l).
-4
Let v(o) = -4*o + 2. Suppose 0 = -l + 3*a + 5, 2*a - 5*a - 1 = l. Calculate v(l).
-6
Let b(n) be the first derivative of -5/12*n**4 + 1/60*n**5 + 5 + 5*n**2 + 0*n + 11/6*n**3. Let f(p) be the second derivative of b(p). Give f(8).
-5
Let d be (0/(-12))/(1*-1). Let l(f) = -11*f - 13. Let g(t) = 7*t + 9. Let m(j) = -8*g(j) - 5*l(j). Give m(d).
-7
Let p(b) be the first derivative of -3/2*b**2 + 1 + 5*b. Suppose 70*m - 116 = 41*m. Determine p(m).
-7
Let w(f) = 16*f**3 + f**2 - 2*f + 2. Suppose -180*d = -188*d + 8. Calculate w(d).
17
Let c = -87 + 79. Let a(s) = 4*s + 14. What is a(c)?
-18
Let t(c) = c**3 + 7*c**2 + 8*c + 3. Let h be ((-18)/4 + 3)*